uppose 5*s = -4*i + 3, 4*i - 6 = s + 3. Let a be (s - 1)/(3/(-6)). What is the highest common factor of a and q?
4
Suppose -c + 3 + 0 = 0. Suppose 2*d = -5*t + 148 + 32, 0 = c*d - 4*t - 224. Calculate the greatest common factor of d and 10.
10
Let d be (-3 - -6) + 2 + (-1 - 1). Suppose 2*a - 18 = -2*r, -3*r + 5*r - a - 18 = 0. What is the highest common factor of r and d?
3
Suppose 12 = -7*k - 2. Let b be 3/k - (-1052)/8. What is the greatest common divisor of b and 52?
26
Let j(f) = f**2 - 8*f - 4. Let b be j(9). Let h = 9 - b. Suppose c + 90 - 22 = m, h*m - 236 = -5*c. What is the greatest common factor of 8 and m?
8
Let p = -97 - -99. Suppose 1392 = -p*i + 8*i. What is the highest common factor of 29 and i?
29
Let r be (-80)/14*(-84)/24. Suppose 2*x - 2*d - r = 0, -2*d + 3*d - 8 = -x. What is the highest common divisor of x and 81?
9
Let u be 27 + 13 - 4/(-6)*3. Calculate the greatest common factor of u and 28.
14
Suppose 130 = 2*h - 2*v, 2*h + v = -v + 122. Calculate the greatest common divisor of h and 27.
9
Let y be (-20)/(-14)*(-6923)/(-46). Calculate the greatest common divisor of y and 5.
5
Let h = -767 - -872. Calculate the greatest common factor of 120 and h.
15
Let i be (-6)/5*((-620 - 2) + 12). Calculate the highest common divisor of i and 24.
12
Suppose 0 = -2*s - 3*o + 168, 3*o + 206 = 5*s - 214. Suppose 0*y = -5*y + 280. Suppose -28 - y = -4*w. Calculate the greatest common factor of s and w.
21
Let z(y) = y**3 - 9*y**2 - 12*y + 23. Let b be z(10). What is the highest common factor of b and 543?
3
Suppose 3*z = -5*f - 27, 4 = 6*z - 2*z. Let w = f - -38. Suppose -2*y + 2*q = -w, -4*q - 77 = 2*y - 7*y. Calculate the greatest common factor of 52 and y.
13
Let r be (-4)/(-4) + (4 - 2). Suppose -k = -4*i + 12, -k = -r*i - 3*k - 2. Suppose 4*d - 9 - 7 = 0. What is the highest common factor of i and d?
2
Let v be 19/(-2)*-52 + 1. Calculate the greatest common divisor of v and 45.
45
Let x(y) = y**2 + 8*y + 8. Let h be x(-6). Let k = 16 + h. Suppose l + 3*c - 12 = 0, c - k = -5*l + 2*c. Calculate the greatest common factor of l and 21.
3
Let h = 17 - 16. Let k(s) = 3*s - 1. Let j be k(h). What is the greatest common factor of 16 and j?
2
Let o(c) = c**3 + 21*c**2 + 26*c + 66. Let u be o(-19). What is the highest common divisor of 42 and u?
42
Let g be 0 - (-877)/2 - 3/2. What is the highest common divisor of 46 and g?
23
Let t = 112 + -100. Let g(d) = 2*d - 4. Let v be g(t). What is the greatest common factor of 160 and v?
20
Let s = -546 + 687. Calculate the highest common divisor of s and 611.
47
Let k = -371 - -389. Suppose -3*p - 21 = 3*b, -p - 13 = 6*b - 3*b. Let h be (6/p)/((-1)/6). Calculate the greatest common divisor of k and h.
9
Let v be 2/(-8) - 104/(-32). Calculate the greatest common factor of v and 15.
3
Let h be (-805)/(-30) + 3 + (-8)/(-48). Let l be (-40)/(-15)*27/6. What is the highest common factor of h and l?
6
Let i(j) = 70*j**2 - 2*j - 8. Let s be i(-4). What is the greatest common factor of s and 70?
70
Let m be (((-1554)/(-12))/7)/(1/2). Suppose -r + 2 = 0, -7*r - m = -5*n - 8*r. Calculate the greatest common factor of 7 and n.
7
Let x be ((-112)/3)/14*3/(-4). Suppose 0 = -4*a + 10 - 30. Let w be a*x/(2/(-17)). Calculate the highest common factor of 34 and w.
17
Let n(z) = -156*z - 27. Let d be n(-3). What is the highest common factor of 18 and d?
9
Let a(p) = 8*p - 4 + 0 - 38*p**3 + 6*p**2 + 37*p**3. Let h be a(7). Suppose -5*u = 0, -3*g + 3*u + 8 = -1. Calculate the greatest common factor of h and g.
3
Let m be 63/13 - (-6)/39. Let q = -3 + m. Let w be 13/26 + (-3)/(-2). Calculate the greatest common divisor of w and q.
2
Let q = 238 - -68. Calculate the highest common factor of 34 and q.
34
Let y = 47 - 30. Let x = y + -11. What is the greatest common factor of x and 2?
2
Let w be (-2)/(((-4)/15)/(1104/40)). Calculate the highest common factor of w and 69.
69
Let v(f) = -f**3 + 3*f**2 + f + 1. Let x(l) = -18*l**3 + 1. Let w be x(-1). Let d = w - 22. Let y be v(d). Calculate the greatest common divisor of y and 13.
13
Let d = -21 + 26. Suppose 3*k = h - 87, -k = d*h + 3*k - 340. Calculate the highest common factor of h and 8.
8
Let p be (-4524)/145*((-5)/2 - 0). Calculate the greatest common factor of p and 18.
6
Let g(y) = -19*y - 23. Let k be (14/(-49))/(2/(-28)). Suppose -k*t = 4*m + 68, t + 41 = -3*m - 4. Let b be g(m). What is the highest common factor of 27 and b?
27
Suppose -17 - 28 = -15*j. What is the greatest common divisor of 33 and j?
3
Suppose 2*u - 23 + 93 = 3*p, 0 = 2*p - 8. Let b = 24 + u. Let d(w) = -w**3 - 3*w**2 - w + 1. Let t be d(b). Calculate the greatest common factor of t and 7.
7
Let t = -389 + 391. What is the greatest common factor of 22 and t?
2
Suppose 3*i - 160 = -5*p, 5*p + 49 = 4*i - 141. Let c = 70 - i. Calculate the highest common factor of 4 and c.
4
Suppose 38 = b + 4*w, -2*b + 78 = 2*w - 4. What is the greatest common divisor of b and 210?
42
Let d be (-18)/(-4) - 10/(-20). Let w(k) = 6*k - 3. Let n be w(d). Suppose 4*t + t = 1080. Calculate the greatest common factor of n and t.
27
Let g(c) = c**3 - 5*c**2 - c - 15. Suppose x - 5*i - 32 = 0, -5*x + i + 3*i = -55. Let u be g(x). What is the greatest common factor of 38 and u?
38
Let g = 1030 + -346. What is the greatest common factor of g and 152?
76
Let x be 0/(-35) + (11 - -2). What is the highest common divisor of 13 and x?
13
Let k be -190 + 193 - 122*4/(-2). What is the highest common factor of 38 and k?
19
Let h be (1 - -1)/((-24)/(-60)). Calculate the highest common divisor of h and 845.
5
Let f(g) = 49*g**2 + 4*g + 3. Let l be f(-1). What is the greatest common factor of l and 2592?
48
Let n be 4/(-22) + (-1224)/(-198). What is the highest common divisor of 16 and n?
2
Let z(t) = 2*t**3 - t**2 - 5*t + 1. Suppose -27 = -7*r + 1. Let k be z(r). Let w be (-2)/((-180)/(-93) - 2). Calculate the highest common factor of k and w.
31
Suppose -2*n + 159 = 2*s - 31, -3*n = 4*s - 378. What is the greatest common factor of 992 and s?
31
Let r(i) = 2*i**3 - 44*i**2 + 46*i + 36. Let a be r(22). What is the greatest common factor of a and 8?
8
Let y(u) = u**2 - 7*u - 8. Let p be y(8). Suppose p = 2*g - 3*d - 159, -2*g - d + 141 = 2*d. What is the greatest common factor of g and 50?
25
Let w(s) be the first derivative of s**4/4 - 5*s**3 + 5*s**2 + 21*s - 42. Let j be w(15). Calculate the highest common factor of 19 and j.
19
Suppose 29*i - 39*i + 13650 = 0. Calculate the highest common divisor of 13 and i.
13
Suppose 2*i - 3*i + 40 = -5*d, -4*d = 0. What is the greatest common factor of i and 580?
20
Let c = -87 + 406. Calculate the greatest common divisor of 11 and c.
11
Let l be 154/8 + -4 + 30/(-120). Let b = -87 - -162. Calculate the highest common divisor of b and l.
15
Let f(p) = 9*p + 53. Let w be f(-5). What is the greatest common factor of w and 88?
8
Let m(o) = o**3 - 17*o**2 - 13*o. Let g be m(18). Calculate the highest common factor of g and 288.
18
Suppose -4 = -k + 5*k. Let h be k + -3 + 7 + 339. Suppose -2*x - 300 = -6*x + 5*o, 2*o - h = -5*x. What is the highest common divisor of x and 10?
10
Suppose 124*k - 521 = 9151. Let i = -380 - -575. What is the greatest common divisor of i and k?
39
Suppose 3*f = 48*f - 11475. What is the greatest common divisor of f and 408?
51
Let t = 5 - 1. Suppose -5*d = -t*i - 200, -2*d = -i - 2*i - 80. Let u = -2693 - -2703. What is the greatest common factor of d and u?
10
Suppose -3*g = 3*v - 285 - 1611, 4*g = -3*v + 2533. Calculate the greatest common divisor of g and 91.
91
Let b(a) = a**2 + a. Let c(m) = -4*m**2 - 11*m + 10. Let y(r) = -2*b(r) - c(r). Let h be y(-7). What is the greatest common divisor of h and 25?
25
Suppose -3 - 3 = 3*l. Let q = -11 - l. Let h(n) = -n**2 - 13*n - 7. Let o be h(q). Calculate the highest common divisor of 145 and o.
29
Let i = 185 + -136. Calculate the greatest common divisor of 7 and i.
7
Let f = -737 - -771. Suppose j + 8 = 5*k, k + 3 = -2*j + 9. Calculate the greatest common divisor of k and f.
2
Let z = -53 + 66. What is the highest common factor of 39 and z?
13
Let t be ((-38)/(-3))/(92/2484). What is the greatest common divisor of t and 18?
18
Suppose 2*a = j - 0*a + 10, j - 4*a = -20. Suppose 53 = -3*k + r - j*r, k = 3*r - 23. Let c =